e 1/15*5*p. Suppose 215 = y + i*y. List the prime factors of y.
43
Let s = 1602 - 685. What are the prime factors of s?
7, 131
Suppose 0 = -8*s - 0*s. Suppose 4*c = z + 30 + 329, -5*z + 5 = s. List the prime factors of c.
2, 3, 5
Let p(y) = 4*y + 18. Let q be p(-4). Suppose -5*t = q*c - 167, -3*t = -c - 2*t + 80. List the prime factors of c.
3
Let k = 509 + -328. What are the prime factors of k?
181
Let t(j) = -4*j**3 - 6*j**2 - 8*j - 13. Let u(m) = 3*m**3 + 7*m**2 + 9*m + 13. Let q(c) = 4*t(c) + 5*u(c). Let b = -7 - -19. What are the prime factors of q(b)?
5
Let o(w) = 3*w - 6*w - w - 1. Let m(j) = -4*j - 1. Let q(a) = 6*m(a) - 5*o(a). What are the prime factors of q(-1)?
3
Let m be (1/2)/(3/630). Suppose 2 = 2*z, 5*r - 5*z = m + 135. List the prime factors of r.
7
Suppose -7*b = -6080 - 3223. What are the prime factors of b?
3, 443
Suppose -r = -5*r - r. Suppose -7*u = -r*u - 1820. List the prime factors of u.
2, 5, 13
Let k = -220 - -1361. List the prime factors of k.
7, 163
Let n = -868 - -2309. List the prime factors of n.
11, 131
List the prime factors of 1032544/736 + 8/92 + 0.
23, 61
Let o = 1 + 3. Suppose -12 = 4*f, -3*s - o*f = 2*s - 53. What are the prime factors of s?
13
Suppose -6996 - 12479 = -5*x + 2*n, -5*n + 19440 = 5*x. List the prime factors of x.
17, 229
Let d(k) = -k**3 - 19*k**2 - 33*k - 37. What are the prime factors of d(-19)?
2, 5, 59
Let h(g) = -37*g - 17. Let t be h(-4). Let o = -25 + t. What are the prime factors of o?
2, 53
Suppose 73*x + 158693 = 110*x. List the prime factors of x.
4289
Suppose -4*j + d + 16 = -3*d, -2*d - 6 = 0. Let t be (3 + -5)/(j/(-2)). Suppose -2*f - p + 51 = 0, -5*p + t*p = -5*f + 145. List the prime factors of f.
2, 7
Suppose c - 3*d = 1318, 55*c - 54*c + 3*d - 1312 = 0. List the prime factors of c.
5, 263
Suppose -3*n = -5 + 11. Let f be -1*(-129 + -2) - n. Suppose -5*j + 47 = -f. List the prime factors of j.
2, 3
Let i be ((3 - 3 - -1)/1)/(-1). List the prime factors of i*2 - 46*(4 + -5).
2, 11
Let i(c) be the third derivative of c**6/120 - c**5/60 - c**3/6 + c**2. Let t be i(2). Suppose -t*y + 4*y = 25. What are the prime factors of y?
5
Let g = -422 - -1227. List the prime factors of g.
5, 7, 23
Let s = -4441 + 7335. What are the prime factors of s?
2, 1447
Suppose -4*z + 0*z = -144. Suppose -z - 8 = -4*c. Suppose -c = 2*b - 49. List the prime factors of b.
19
Let m(l) = l**3 - 7*l**2 - 9*l + 8. Suppose 1 = 2*h - 15. Let z be m(h). Suppose n + w + 2*w - 4 = 0, -4*n - 3*w + 25 = z. List the prime factors of n.
7
Suppose 36 = -2*c + 4*c. Let x(q) = -5*q**2 - 24*q + 11. Let v(h) = -4*h**2 - 23*h + 10. Let g(p) = 6*v(p) - 5*x(p). What are the prime factors of g(c)?
5
Let g = 4 - 7. Let n be ((-56)/6 + 2)*g. Let d = n - -15. List the prime factors of d.
37
Let q be (-52)/6*24/(-16). Let s(z) = 9*z**2 - 29*z + 12. Let m be s(q). What are the prime factors of m/16 + 2/(-8)?
2, 3
Suppose -30*w = -10*w - 20440. What are the prime factors of w?
2, 7, 73
Suppose 5*l = 4*l - 47. Let p = l + 89. What are the prime factors of p?
2, 3, 7
Let i(r) = -297*r - 57. List the prime factors of i(-6).
3, 5, 23
Let o = 217 + 100. List the prime factors of o.
317
Let v(f) = 34*f**3 - 3*f**2 + 20*f - 48. What are the prime factors of v(4)?
2, 3, 5
Let y = -310 - -826. What are the prime factors of y?
2, 3, 43
List the prime factors of 6312/10 + 1/(-5) - -5.
2, 3, 53
Let q = 19 + -14. Suppose -258 = -3*o + 3*k, -q*o - 4*k + 0*k = -457. List the prime factors of o.
89
Let u(h) be the third derivative of 1/6*h**4 + 0*h - 2/3*h**3 + 0 + 5*h**2. What are the prime factors of u(8)?
2, 7
Suppose -p - 168 + 948 = 0. Suppose -u = 4*u - p. What are the prime factors of u?
2, 3, 13
Let p(i) = 3*i**2 + 9*i + 28. What are the prime factors of p(9)?
2, 11
Let s be (3 - 0)/(357/56 - 6). Suppose s*t = 5*t + 516. List the prime factors of t.
2, 43
Let q be ((-26)/10)/(1/(-25)). Let l(y) = -y + 28. Let o be l(0). Let r = q - o. What are the prime factors of r?
37
What are the prime factors of (425/2)/(1/2)?
5, 17
Let r = -526 - -774. Suppose r = 5*c - 112. What are the prime factors of c?
2, 3
Let i(g) = -g**3 - 2*g**2 - 3*g - 3. Let a be i(-4). Suppose l = 2*l - a. What are the prime factors of l?
41
Let w = 43 - -22. Suppose 6*b + w = -61. Let c = -18 - b. List the prime factors of c.
3
Let i = 44 + -107. Let t = -9 - i. List the prime factors of t.
2, 3
Let u(r) = r**3 + 4*r**2 + 7*r + 5. Suppose 0 = 4*l + 3*c + 19, 4*c - 5*c = -5*l - 19. Let p be u(l). List the prime factors of -2 - (0 + -4) - p.
5
Let r = 92 - -233. What are the prime factors of r?
5, 13
Let g(t) = -t**3 - 4*t**2 - 3*t - 6. Let w be g(-7). Let i = 37 - -29. Suppose 3*l - w = -i. List the prime factors of l.
2
What are the prime factors of 1/(-6) - 217245/(-126)?
2, 431
Let v = -35 + 40. Suppose -12 - 8 = -v*t. List the prime factors of t.
2
Let w = 7 - 17. Let g = -6 - w. Suppose -1 = -5*i - 5*j + 9, -g*i = -3*j - 22. List the prime factors of i.
2
Let r = 5 + -7. Suppose 0 = 10*x + 437 + 133. What are the prime factors of -4 + (r - -4 - x)?
5, 11
Suppose 6*r - 2226 = 618. What are the prime factors of r?
2, 3, 79
Let j(c) = 130*c**2 - 6*c - 3. What are the prime factors of j(-2)?
23
Suppose 5*m - 2*m = 3*o + 90, 4*o = 5*m - 149. Let r = 57 + m. List the prime factors of r.
2, 43
Let q(x) = 11*x - 18. Let b be q(8). Let h = b + -29. Suppose 2*u - h = -9. List the prime factors of u.
2
Let b(i) be the second derivative of -i**3/6 + 31*i**2 + 4*i. Let d be b(0). Suppose 0 = -6*m + 10 + d. List the prime factors of m.
2, 3
Let s(j) = -4*j + 4209. List the prime factors of s(0).
3, 23, 61
Let v(y) = 2*y**2 + 13*y + 10. Let r be v(-6). Suppose -m - r = 0, -4*n + n = -3*m - 156. Suppose -10 - n = -2*z. What are the prime factors of z?
29
What are the prime factors of -1*(2 - 282 - (-8)/2)?
2, 3, 23
Let l(m) = -m**2 - 2*m - 7. Let i be l(-4). Let d(o) = -3*o - 24. What are the prime factors of d(i)?
3, 7
Suppose -4*h - 3*m + 47 = 0, 4*h + m = h + 34. Let k be (-16)/(-5) + (-2)/10. Let o = h - k. List the prime factors of o.
2
Let v be (-7)/(-2)*(0 - (-2 - 0)). Let x = 5 + -3. Suppose v - 55 = -x*h. List the prime factors of h.
2, 3
Let q = 2630 + -1455. What are the prime factors of q?
5, 47
Suppose 3*n + 9 = 2*n. Let y = n + 19. Suppose -2*x + y = -0*x, -l - 4*x = -75. List the prime factors of l.
5, 11
Let a = 46 + -27. Let j = -25 + a. List the prime factors of j/(-6) + 48 + 0.
7
Let q(w) be the first derivative of w**4/4 - 11*w**3/3 - 5*w**2 + 5*w + 1. What are the prime factors of q(12)?
29
Suppose 8*y = 6*y - 8. List the prime factors of y/((6/22)/(-3)).
2, 11
Let f(u) = -146*u - 23. What are the prime factors of f(-4)?
3, 11, 17
Let p(n) be the third derivative of -17*n**6/120 - n**4/24 + n**2. Suppose -4*x + 2*u = 2 - 6, 12 = -3*u. What are the prime factors of p(x)?
2, 3
Suppose n = -n - 10. Let b(v) be the second derivative of -v**5/20 - v**4/2 - 7*v**3/6 + v**2/2 + 31*v. What are the prime factors of b(n)?
11
Let w(b) = -27*b + 71. What are the prime factors of w(-25)?
2, 373
Let c be 112/52 - 4/26. Suppose c*k = k + 29. Let r = k + -3. List the prime factors of r.
2, 13
Suppose -5*c + 200 = 4*l, 3*l - 5*c = -c + 150. Suppose -2*z + 104 = 5*a, -a - 4*a + 5*z + 90 = 0. Let k = l - a. List the prime factors of k.
2, 3, 5
Let h(x) be the second derivative of -14*x**3 + 10*x**2 - 24*x. List the prime factors of h(-2).
2, 47
What are the prime factors of 4/(-30) - 21112/(-390)?
2, 3
Let h = 3 + -1. Suppose -438 = -5*c - h*p - 0*p, 5*c + 5*p - 435 = 0. What are the prime factors of c?
2, 11
Let i(g) be the first derivative of -1/4*g**4 - 4*g**2 + 8/3*g**3 + 9 + 8*g. What are the prime factors of i(6)?
2
List the prime factors of -517*(55/(-30))/11*6.
11, 47
Suppose 5*y + 9*y = 2982. What are the prime factors of y?
3, 71
Let w(s) be the third derivative of -1/120*s**6 + 1/30*s**5 + 0 + 1/6*s**3 + 1/8*s**4 + 0*s + s**2. What are the prime factors of w(-2)?
11
Suppose 4*b + 4*t = -28, -b + 2*t = 4*t + 10. List the prime factors of ((-4)/b)/(2/14).
7
Suppose 8 + 3 = -5*z - w, 2*w - 23 = 5*z. Let t(f) = 24*f**2 - 3*f + 3. What are the prime factors of t(z)?
2, 3, 19
Let k = -1206 - -1688. What are the prime factors of k?
2, 241
Suppose -5*o - 31 + 106 = 0. Su